- 15 - -5)
-4
Evaluate (-3 - (6 + -22 + 6)) + -1.
6
What is -2 - (5 + -9) - (-2 - -1)?
3
Evaluate 1 + 0 - (2 - (-1 - 3)).
-5
What is -1 - -4 - (6 - 8)?
5
-3 + 2 + 0 + 1 - -2
2
Calculate 3 + 6 + (-5 - -1).
5
What is the value of (-4 - (-5 + 3 + 0)) + -2?
-4
-3 + 3 - 3 - -6
3
Evaluate (2 + -2 - -1) + 2.
3
Calculate 4 + (5 - 2 - (5 - -2)).
0
What is 2 + 8 - (-4 + 7)?
7
Calculate 0 - 5 - (-1 - -1).
-5
0 - ((3 - 5) + 8)
-6
What is the value of -4 + 1 - (-44 + 31)?
10
Calculate 6 - 6 - (5 + -17 + 6).
6
Evaluate -3 + (1 - 7 - -4) + 2.
-3
What is -13 + -6 + (6 - -3)?
-10
Evaluate -8 + (-6 + 11 - 0).
-3
-4 - (3 + 0 + -4 - -1)
-4
Calculate 0 + 23 + -12 - 3.
8
Calculate -2 + 2 + (11 - (2 + 10)).
-1
-1 + -1 + 4 + -7
-5
Evaluate -2 + 4 + 2 + -14 + 5.
-5
Evaluate -2 - (8 + (-7 - 7)).
4
Calculate (7 - 5) + 10 - 5.
7
What is the value of -2 + 6 + (-9 - (-2 - 3))?
0
Evaluate -4 - -3 - (-2 - 4).
5
Evaluate -3 + 1 + (7 - (3 - 2)).
4
Calculate 2 + -3 + -2 + 2 + 0.
-1
(2 - -6 - 5) + 2 + -7
-2
Calculate 4 + (-6 - -2) - (0 - -1).
-1
What is -3 - (-4 - (3 + 0 - 5))?
-1
What is (-1 - 1) + -3 + 1?
-4
Calculate (1 - 3) + -4 + -1 + -2.
-9
-2 - (3 + -4 - 1)
0
What is 9 + (-17 + -2 - (-22 + 20))?
-8
Calculate (9 + -7 - 6 - -2) + 10.
8
What is -2 + (6 - 2) - (-55 - -63)?
-6
What is the value of 2 - (2 + (4 - 1))?
-3
What is 1 + -3 + 1 + 0?
-1
Evaluate 1 + ((4 - 2) + -9 - -4).
-2
What is the value of (6 + -1 - (2 + 3)) + 1?
1
Calculate -4 - (-3 - (-3 - 1)).
-5
What is -3 + 1 + 5 - 5?
-2
Evaluate 0 - ((-3 - 1) + (-3 - -5)).
2
Evaluate (-3 - -13) + 1 + 2 + -8.
5
Calculate 8 + 5 + 1 + -24.
-10
What is (1 - 4) + 2 + 3?
2
-6 - -9 - -6 - (2 + 2)
5
What is the value of (11 - 12) + (2 - 5)?
-4
Calculate -13 - -4 - (-3 + -1).
-5
Evaluate (-22 - -17) + (-1 - -5 - -10).
9
What is (0 + -4 - -1) + 0?
-3
Evaluate -9 + (5 - (5 + -7)).
-2
Calculate -16 - -17 - (1 + (-4 - -1)).
3
Calculate (4 - (7 - 2)) + -1.
-2
What is -3 + -1 + -3 + 3?
-4
0 - (4 + (-3 - 2))
1
9 - (-1 + (8 - 0))
2
What is (-1 + 5 - 1) + -1?
2
What is (-5 + 5 - 4) + 3 + 0?
-1
What is -2 - (-2 + 12 + -9)?
-3
Evaluate 1 - (1 + -5 + 5 + -2).
2
3 + 3 - 0 - 11
-5
(-4 - (0 - 0)) + -2
-6
Calculate -1 + 2 + (-3 - -4) - 0.
2
Calculate 11 - -2 - 6 - 10.
-3
Calculate -5 - -1 - (2 - (14 - 7)).
1
Evaluate (9 - (15 + -9)) + -7 + -1.
-5
What is 9 + -2 + (-15 + 9 - 3)?
-2
Calculate (-4 - -2) + 11 - 6.
3
What is (2 - 9) + (10 - -1)?
4
What is 1 - 0 - -6 - (-26 + 26)?
7
Evaluate -4 + (-3 - (-2 + -7 - -1)).
1
-12 - (-13 - -4) - (-3 + 2)
-2
Evaluate 10 + -4 - 14 - -4.
-4
7 - ((9 + -5 - 3) + 3)
3
Calculate 8 - (8 - (6 - 2) - -1).
3
Calculate -3 + 2 - (26 + -21).
-6
What is 7 + (-2 - 2) + 0 + 1?
4
(-2 - -2) + 2 - (5 + -7)
4
Calculate 2 + -2 - (4 + (-2 - 0)).
-2
Evaluate 1 + 9 + -2 + -10 + 7.
5
Evaluate -1 + 1 + (-11 - -4 - -13).
6
22 + (-13 + 3 - 2)
10
What is -1 + (2 - (5 + -4))?
0
What is the value of -4 - (4 + -4) - (-15 - 0)?
11
0 + 5 + -3 + -4 - 3
-5
Evaluate -2 + 5 + -6 + (6 - -1).
4
Calculate (2 - -4 - -3) + -6.
3
What is the value of (1 - -3) + 17 + -6 + -21?
-6
Evaluate -1 - -3 - (8 + -3).
-3
Evaluate (13 - 8 - 8) + 9.
6
Calculate (-3 - -1) + 1 + -3.
-4
Calculate -2 + 2 + 6 + (-18 - -15).
3
Evaluate (-2 - 2) + 0 + 1 + 1.
-2
Evaluate -4 + -1 + 34 + -32.
-3
What is (2 - 7) + 4 - -1?
0
What is the value of 3 + 1 + 5 + -4?
5
1 - 2 - (78 + -89)
10
What is the value of 4 + (-4 - -4 - 0)?
4
What is 2 + -12 + 3 - (-34 + 18)?
9
Evaluate 13 - 15 - (1 + 2).
-5
What is the value of 4 + (4 - 4 - 6)?
-2
Calculate (-9 - -9) + 2 + -6.
-4
-1 + 15 + 2 + -2 + -8
6
What is (-4 + 12 - (-6 - -10)) + 5?
9
Calculate 4 + (3 - (3 - -4)).
0
Evaluate -6 - (-4 - -5 - 6).
-1
What is 6 + -7 + 5 + 2 + -2?
4
What is the value of (-12 - -7) + 5 + (-1 - -5)?
4
What is 0 + 15 + (-25 - -12) + 9?
11
What is the value of -3 + (2 + (2 - -2) - 0)?
3
-28 + 26 - (-1 - (3 + 1))
3
What is (4 - 3) + -2 + -1 + 0?
-2
Evaluate -4 - (-1 + 2 - 0 - 3).
-2
Evaluate -1 - (4 + -3) - (-3 + 4).
-3
What is (-1 - 2 - (-5 - 1)) + 2?
5
What is -29 + 25 + (-1 - 0) + 0?
-5
What is the value of (-7 - (3 - 8)) + -3 + 12?
7
8 - (0 - -5 - -8)
-5
Evaluate -6 - (-3 - -7) - (5 - 7).
-8
What is -8 + 4 + (3 - 2)?
-3
What is the value of 3 + (3 - (5 + -1))?
2
Calculate 52 - 66 - ((0 - 4) + 0).
-10
Calculate -6 - (-19 + 20 + (-3 - -2)).
-6
What is 6 - 4 - (3 + -5)?
4
What is (-1 - -3) + -3 - 7 - -4?
-4
Calculate (8 - 6) + 4 - 11.
-5
1 - ((2 - 1) + 6 - 13)
7
(19 - 15) + -1 - (-2 + 0)
5
Evaluate -52 + 47 + (0 - 0 - 1).
-6
What is -9 - -10 - -5 - -2?
8
What is the value of 0 + (-7 - (2 - 6)) - -3?
0
Evaluate -1 - -4 - (-4 + 7 - -3).
-3
Evaluate (10 - 11) + (2 - 0).
1
-6 - 1 - (7 + -10 - 4)
0
0 + 0 - (5 - 0)
-5
What is -9 + (-5 - -10) - (4 + 1)?
-9
Evaluate 11 + (3 - (-11 - -22)).
3
What is the value of -4 + (-2 + 4 - -5) + -1?
2
What is -4 + 2 + (-4 - -11)?
5
Evaluate (-8 - -2 - -3) + 0.
-3
What is the value of 0 - ((-1 - 11) + 2)?
10
Calculate -3 - -1 - (0 + -1).
-1
What is the value of -4 + (-1 - (-2 + 0 + 1))?
-4
6 + (4 - 4) - 3
3
Evaluate -4 + (11 - 2) + -4.
1
What is 3 + (-11 + 5 - 0)?
-3
4 + (6 + -1 - 10)
-1
What is (-1 - -3 - (0 - 0)) + 4?
6
What is 1 + (10 - (-7 + 12))?
6
11 - (6 - 5 - -7)
3
-7 + -1 + -7 + 17 - 3
-1
Calculate (2 - -4) + -5 - -2.
3
Evaluate -1 - 1 - (7 - 18 - -8).
1
12 - (4 - -1 - 4 - -5)
6
-5 + 3 - (2 + -2 + 1)
-3
Calculate (2 - -2) + (5 - 6).
3
Evaluate -14 + (16 - 5) + -7.
-10
What is the value of 2 + 1 + 1 - 1?
3
What is the value of 2 - (0 - (1 - -2))?
5
-7 - -2 - ((2 - 3) + 1)
-5
Evaluate (1 - 2) + 0 + (5 - 9).
-5
Calculate (2 - (2 + (1 - 2))) + -1.
0
Calculate (-9 - -1 - -6) + 2 + 3.
3
Calculate -6 + (11 - (4 - 3)).
4
2 + (8 - 20) - -15
5
What is the value of (0 - 0) + (7 + 0 - 4)?
3
What is the value of 8 - (6 - (-9 + 13))?
6
What is the value of 3 + (-5 - (-4 + 6))?
-4
What is -1 + (0 - -2 - -4)?
5
What is the value of (0 - (-3 + 4)) + 2 + 0?
1
Evaluate -1 + 0 - (-3 - (2 - 0)).
4
(3 - 3 - 2) + -1 - 2
-5
What is the value of (7 - -1) + -2 + 0 + -6?
0
Calculate 0 + (2 - 0 - (12 - 10)).
0
Evaluate (5 - 0 - 5) + 3.
3
What is (5 - 0) + (6 - 7 - 0)?
4
Evaluate -7 + (-1 - -3 - -3 - 2).
-4
Evaluate -6 - (-7 + (3 - 1 - -2)).
-3
Calculate -1 - (6 + (-5 - -3)).
-5
Calculate -4 + (0 + -10 - -21).
7
What is 1 - (1 + -4 - (-4 + -3))?
-3
What is the value of 5 - 1 - (9 + 3)?
-8
Evaluate -8 + (-1 + 4 - 1).
-6
What is the value of (-4 - -1) + (-9 - 7) + 23?
4
Calculate (-10 - -8 - 1) + 11.
8
Calculate -7 + 9 + (-3 - (-4 - -2)).
1
-2 - (1 - 0) - (-6 + 1)
2
Evaluate 4 + 0 + 4 + -11.
-3
Calculate (-2 - -1) + 3 + -2.
0
Evaluate (-8 - (4 - 11)) + (6 - 4).
1
Evaluate 1 + 0 + -3 + (5 - 1).
2
-3 - -7 - 3 - 1
0
Calculate (-2 - 3) + (4 - 1).
-2
What is the value of -6 + (1 - 4) + 7 - -1?
-1
Calculate 3 + (1 + -8 - 0).
-4
Calculate -2 - (-11 - (2 - 10)).
1
What is (5 - -1) + -5 - -2?
3
What is the value of -1 - (0 + -5 + -1 + 0)?
5
What is (8 - 1) + (-5 - -5 - 2)?
5
What is the value of -3 + -5 + -1 + -1 + 5?
-5
Calculate -3 - (-2 + -2) - 6.
-5
What is the value of (-13 - -9) + (-1 - -1 - 0)?
-4
Evaluate 0 + -1 + (2 + 11 - 8).
4
Evaluate 0 + (-6 - -2 - (1 + -4)).
-1
4 + 0 - 2 - 7
-5
1 - -1 - (4 + -5 + 0)
3
What is (-6 - (-2 + 0)) + (4 - 3)?
-3
-1 - ((-9 - 0) + 3)
5
Evaluate 5 + -3 + 8 - 5.
5
Evaluate 2 - (-3 - -4 - -7).
-6
Evaluate 2 + (-7 - (4 + -10)).
1
What is (35 - 16) + -15 + -9 + 0?
-5
Calculate 31 - 31 - (7 - 5).
-2
Evaluate (6 - 8 - (-1 + 1)) + 4.
2
What is the value of -13 + (-11 + 7 - -9)?
-8
Calculate -6 + 9 + (3 - 1) + -3.
2
Calculate 4 + -2 + 0 + -4.
-2
(21 - (-5 + 19)) + (-5 - -1)
3
What is the value of 0 + -3 + 2 - (-9 + 7)?
1
Calculate (5 - 0) + (-20 - -17).
2
What is (2 - -3) + -1 + (-1 - 3)?
0
Evaluate (5 - (7 + 0)) + -2.
-4
2 - (-6 + -2 + 7)
3
Evaluate -2 - -1 - (-207 + 208).
-2
What is the value of (-5 + -1 - -1 - -3) + -1?
-3
What is the value of -3 + (-1 - 0) + 5 + -4?
-3
Evaluate 0 + 0 + 17 + -13 + -3.
1
(-3 - 0) + -4 + 4 + 2
-1
What is -11 + 13 - (-1 + 0)?
3
Calculate 4 - (2 - (1 + -7)).
-4
What is the value of -3 + 4 + 0 + (-6 - -7)?
2
What is 2 + -4 + 0 + -6 + 3?
-5
What is -6 + (-4 - -5) - -5?
0
(-11 - -4 - -9) + -1
1
What is the value of -8 - (-6 - (-3 - -9))?
4
(0 - 0 - 0) + 0 - 2
-2
What is 1 - (3 - (0 + 2 + -4))?
-4
Calculate 0 - (7 + -4 - 5).
2
What is the value of (17 - 